et r = -24 - -38. Let i(z) = -z**3 + 14*z**2 + z + 1. List the prime factors of i(r).
3, 5
Suppose -3*f = 2*y - 67, 4*f + y + 2*y = 88. Suppose -4*m = 3*v - f, v + 3 - 2 = 0. Suppose 5*r + m = 47. What are the prime factors of r?
2
Suppose -3*k + g + 111 = -4*g, 0 = 3*k + g - 93. List the prime factors of k.
2
What are the prime factors of (14/4)/(1/294*3)?
7
Suppose 0 = -3*f - 0*f - 3. Let o be (f*5*-2)/(-2). List the prime factors of (-2 - o)/1 - -2.
5
Let l be (-76)/(-6) - (-2)/(-3). Suppose -4*s = l, -2*s - 36 = -5*q - 5*s. List the prime factors of ((-28)/6)/((-3)/q).
2, 7
Suppose a + 4*h = 110, -3 + 28 = 5*h. Suppose -5*q + 67 = 4*j - 5, -a = -5*j + 2*q. What are the prime factors of j?
2, 3
Suppose -2*y = 2*y - 184. What are the prime factors of y?
2, 23
Let t be (20/6)/((-2)/(-3)). Suppose 3*g - 4*m + 34 = 85, 0 = -t*m. List the prime factors of g.
17
Let t(x) = -2 + 0 + 6 - 6*x + 0*x**2 + 2*x**2. What are the prime factors of t(6)?
2, 5
Let b be 8 + 9/3*-1. Suppose 3*j - 24 = -3*g, 4*j = -j + b*g + 70. What are the prime factors of j?
11
Let x = -324 + 471. List the prime factors of x.
3, 7
Suppose 7 = m + 3*i - 3, -5*i = -m - 30. Suppose -2*y + 20 = 3*y, 0 = 3*a - y - 11. What are the prime factors of 68/a + (-2)/m?
2, 7
Suppose -10 = 5*m - 3*l - 36, -2*m = -5*l - 18. Suppose m*o - 60 = -o. What are the prime factors of o?
2, 3
Let d(m) = 4*m**2 + 5*m - 4. Let q = -4 + 8. Let j be d(q). Suppose 3*l = -l + j. List the prime factors of l.
2, 5
Suppose -4*b - b = 0. Let r(v) = v**2 + 4. What are the prime factors of r(b)?
2
Let b = -27 - -139. What are the prime factors of b?
2, 7
Let c(s) = 2*s**2 - s + 2. Let t = -3 - -1. What are the prime factors of c(t)?
2, 3
Let i(g) = -g**2 + 2*g + 5. Let u be i(0). Suppose 4*c - 30 = -0*l + 2*l, -4*l = -u*c + 39. What are the prime factors of c?
7
Let j = -4 - 0. List the prime factors of 216/15 + j/10.
2, 7
Let t be (-6)/8 - 7/(-4). Suppose -g + t = -4, 5 = -2*r - g. Let a(n) = n**2 + 2*n + 7. List the prime factors of a(r).
2, 11
List the prime factors of (-738)/(-27) - (10/(-6) - -1).
2, 7
Suppose 23 = 4*d - 5*i - 18, 4*d - 2*i - 50 = 0. Let h = -29 + d. Let p = 27 + h. What are the prime factors of p?
2, 3
Let v = -13 - -19. Suppose -32 = -f + v. What are the prime factors of f?
2, 19
What are the prime factors of 1 - -1 - (-1 - 354 - 2)?
359
Let l(y) be the first derivative of 4*y**3/3 + y + 2. Let h be ((-3 - -1)/2)/1. What are the prime factors of l(h)?
5
Suppose 2667 = 24*f + 843. What are the prime factors of f?
2, 19
Suppose 36*r - 2008 = 28*r. What are the prime factors of r?
251
Let w = -62 + 72. List the prime factors of w.
2, 5
Let v = -5 - -43. What are the prime factors of v?
2, 19
Suppose -142 = -3*u - 16. What are the prime factors of u?
2, 3, 7
Suppose 324 = 4*g + 44. Suppose -2*l - g = -2*i - l, 0 = -5*i - 2*l + 193. What are the prime factors of i?
37
Suppose 8*m = 4*m + 168. Suppose -m - 68 = -5*j. List the prime factors of j.
2, 11
Let w = 10 - 7. Let i be (0 + (2 - w))*-7. Suppose -i*s + 3*s + 52 = 0. List the prime factors of s.
13
Let r = 295 + -110. List the prime factors of r.
5, 37
Suppose t - 5*t + 20 = 0. Let m(w) = t + 2*w**2 + w**3 + 8*w - 2*w**2 + 2*w**2 - 10*w**2. List the prime factors of m(7).
2, 3
What are the prime factors of (-4)/(-10) - (3 - (-233)/(-5))?
2, 11
Let i(o) = 90*o**2 - o. Let p be ((3 - 2) + 0)*-1. Let z be i(p). Suppose -4*f - 3*w + z = f, 53 = 3*f + w. What are the prime factors of f?
17
Let g = 496 + -272. List the prime factors of g.
2, 7
Suppose -3*x - 3*c = 2*c - 238, 4*x + c = 289. Let l = -7 + x. Suppose -5*q + l = d, -5*q - 2*d = -2*q - 44. List the prime factors of q.
2, 3
Suppose 0 = 3*o + 1 - 7. Suppose 0 = -t - c + 7 + 10, -o*t - 3*c + 39 = 0. List the prime factors of t.
2, 3
Let s = -12 - -25. Let c be s/(-4) - (-9)/(-12). Let p(i) = -i. List the prime factors of p(c).
2
Suppose -b = u - 32 - 29, 0 = -2*u - 4*b + 122. What are the prime factors of u?
61
Let h = 14 - 8. Let g = h - 7. Let z = 5 + g. List the prime factors of z.
2
Let r = 2 - 2. Let y = 24 + -20. Suppose 7*f - y*f - 27 = r. List the prime factors of f.
3
Let z(v) = 45*v**2 + 3*v + 2. Let r be z(-1). What are the prime factors of r/16*(19 + -3)?
2, 11
List the prime factors of (10 - 2)/(224/108 + -2).
2, 3
Let z = 382 + -242. List the prime factors of z.
2, 5, 7
Let d(t) = t**2 - 4*t - 16. What are the prime factors of d(-8)?
2, 5
Let a = -23 + 54. What are the prime factors of a?
31
Let c be (-3)/9 + 1119/9. Let f be c/8*(-12)/(-2). List the prime factors of f/6 + 1/(-2).
3, 5
Suppose j + 5*x = -11, 2*x + 1 + 5 = 0. Suppose j*n = 2*n + 4. List the prime factors of (1/n)/(2/24).
2, 3
Suppose -u + 6*b = b + 5, 2*b = 4*u + 2. Suppose 5*v - 15 = -u. List the prime factors of v.
3
Let s = -1 + 0. Let y be (0 - (s - -7))/(-2). Let a = 13 - y. What are the prime factors of a?
2, 5
Suppose -3*b = -0*b - 42. What are the prime factors of b?
2, 7
Let s(q) = -2*q**3 + q**2 - 2*q + 2. Let a be s(-3). Let p be (0 - 1)/(1 + -2). Suppose a = 5*u + p. List the prime factors of u.
2, 7
Suppose 0 = -4*d + 5*d - 51. Suppose -4*f - 11 + d = 0. List the prime factors of f.
2, 5
Let x = -5 + 6. List the prime factors of (x*-4)/((-4)/40).
2, 5
Let y(r) = r + 2. Let l be y(0). Suppose l*o - 3 = 7. What are the prime factors of o?
5
Suppose 3*w - 27 = 3*b, -2 = 5*b - 2*w + 55. Let f = -3 - b. Let g = -2 + f. List the prime factors of g.
2
Let f be ((-5)/(-2) - 3)*-6. Suppose 2*y - 3*i - 38 = -8*i, 2*i + 19 = f*y. What are the prime factors of y?
3
Let g(j) = j + 9. List the prime factors of g(-3).
2, 3
Let p(u) = 5*u**2 - 2*u - 3. List the prime factors of p(-4).
5, 17
Let a be (-70)/(-22) + 8/(-44). Suppose 9 = 3*d - a. List the prime factors of d.
2
Suppose 2*w = 8*c - 4*c - 66, -33 = -c - 5*w. What are the prime factors of c?
2, 3
Let h(x) = 4*x + 1. Let g be h(1). Let k = g + -4. Suppose -3*z - 5*p + 18 = 0, -z + k = -2*z - 4*p. What are the prime factors of z?
11
Let m = 4 - 0. Let q = m - 2. List the prime factors of q.
2
Let f(x) = -7*x**3 - 2*x**2 + 1 + 2*x**2 + x. What are the prime factors of f(-1)?
7
Suppose 0 = -4*g - 2*h + 48, 3*g + 0*g - 35 = -h. Let c be (-2)/2 + 2/(-2). Let s = c + g. List the prime factors of s.
3
Suppose 6*s - 92 = 40. What are the prime factors of s?
2, 11
Suppose -5*n = 5*d - 20, 5*d + 30 = 2*n + 8. List the prime factors of n.
2, 3
Suppose -4*o - 132 = -4*s, 0 = 2*o + 2*s + 31 + 19. Let q = -18 - o. What are the prime factors of q?
11
Suppose -7*b = -2*b - 175. List the prime factors of b.
5, 7
Suppose 41 = 5*t - 4*u - 430, u - 1 = 0. List the prime factors of t.
5, 19
Suppose 3 - 2 = -5*d + 3*p, -2*d - 4 = -3*p. Suppose -d = -x + 28. What are the prime factors of x?
29
Suppose 2*g + 4 = -d, 3*g + 13 = 2*d - 0*d. Suppose -2*v = -3*w - 31 + 101, d*w = 3*v + 40. What are the prime factors of w?
2, 13
Let p = 4 - -7. Let i(z) = z**2 - 9*z - 8. Let q be i(p). List the prime factors of (-94)/(-14) - (-4)/q.
7
What are the prime factors of (-3 - -2) + (-138)/(-6)?
2, 11
Suppose -4*o = 4*q + 12, 7*o - 4*q - 12 = 2*o. Suppose 1 + 29 = 5*y. Suppose l - 2*g + 6 = o, 3*g - y = 4*l - 2. What are the prime factors of l?
2
Let h(x) = 5*x**2 + x. Let b = -10 + -45. Let l be (-4)/(-22) - 45/b. What are the prime factors of h(l)?
2, 3
Suppose 0 = 4*a + 3*w - 13, -4*a + 0*w = -w - 17. Let m(d) = 3*d + 4*d - 6*d + a*d**2 - 1. List the prime factors of m(1).
2
Suppose -3*j + 4 + 4 = 4*v, -2*j + 6 = 2*v. Suppose -2*r + j*r = 84. List the prime factors of r.
2, 3, 7
Let t = 3 - 2. Suppose -8*n + 11*n + 3 = 0. Let w = t - n. List the prime factors of w.
2
What are the prime factors of 212/20 - 6/(-15)?
11
Let d = 385 + -232. List the prime factors of d.
3, 17
Let o = 45 - 21. List the prime factors of o.
2, 3
Let k(z) = -z + 16*z**2 + 5 - 3*z - 15*z**2. What are the prime factors of k(5)?
2, 5
Suppose -6*h + 568 = -218. List the prime factors of h.
131
Suppose -5*r + 13 - 3 = 0. Suppose -5*k - 7 = 4*x, -11 = -2*x - 5*k - r. Let u(j) = -j**2 - 9*j + 5. What are the prime factors of u(x)?
13
Let m(l) = l**3 + 3*l**2 - 3*l + 5. Let f be m(-4). Suppose 6 - f = w. What are the prime factors of w?
5
Let k(y) = 7 - 9*y + y - 2*y**2 - 7*y**2 - y**3. Let m = 9 - 17. What are t